 be i/(-20)*0/1. Suppose 5*o + b - 46 = g, -4*b + 6*b = 2*o - 16. What is the remainder when 33 is divided by o?
6
Let v(l) be the first derivative of 5*l**3/3 + 6*l**2 + 13*l + 11. Calculate the remainder when 89 is divided by v(-4).
44
Suppose -2*c + 70 = 2*t, t = c + 36 - 7. Let v = t + 2. What is the remainder when v is divided by 10?
4
Suppose -4*h - k = -85, -2*k = 2*h - 443 + 399. Calculate the remainder when h is divided by 16.
5
Calculate the remainder when (-15)/(-10)*-1 + (-11754)/(-36) is divided by 33.
28
Let d(m) = 16*m - 1. Let o be ((-1146)/(-21))/2 - (-16)/(-56). Suppose -96 = -o*w + 21*w. Calculate the remainder when d(4) is divided by w.
15
What is the remainder when 58/6*33 + -6 is divided by 63?
61
Suppose -f + 3 = -13. Suppose -18 = r - f. Calculate the remainder when 12 is divided by r*1/2*-4.
0
Let t(n) = n + 219. Calculate the remainder when t(13) is divided by 13.
11
Suppose 51 = 5*s + 21. Suppose h - 48 + s = 0. What is the remainder when 167 is divided by h?
41
Let u = 18 - 13. Let o = u - 0. Let b(f) = 8*f + 90. What is the remainder when b(-10) is divided by o?
0
Suppose 0*u + u = -4*a + 74, 24 = a + 3*u. Suppose 4*b - 48 = o, 3*b + 5*o - 3 = 10. Let v(j) = 5*j + 15. What is the remainder when v(b) is divided by a?
16
Let f be ((-18)/5)/(2/(-30)). Calculate the remainder when 25 - -2 - 12*9/54 is divided by 3/(-6) + f/4.
12
Suppose x - 2 = -0*x. Let b(n) = 28*n + 586. What is the remainder when b(-19) is divided by 0 + 16 - x/1?
12
Let o(p) = 2*p + 8. Let r(i) = 4*i**2 + 4*i - 3. Calculate the remainder when o(4) is divided by r(1).
1
Suppose -g + 22 = g. Suppose 4*y + 508 + 332 = 0. What is the remainder when 422/21 - (-20)/y is divided by g?
9
Let t(b) = -8*b - 21. Let a = 12 + -5. Suppose -4*u + 12 = -a*u, 4*u = -d - 4. What is the remainder when t(-7) is divided by d?
11
Let j = -1 - -6. Suppose 52 = j*s - 28. Let n = 23 - s. Calculate the remainder when 19 is divided by n.
5
Let k(u) be the first derivative of 1/3*u**3 - 4*u**2 + 11*u - 5. Calculate the remainder when k(11) is divided by 9.
8
Suppose 15*i = 8*i + 182. What is the remainder when i is divided by 13?
0
Let v = -518 + 564. Let n(r) = r**3 - 4*r**2 - 4*r + 7. What is the remainder when v is divided by n(5)?
10
Suppose 0*v - 2*v - 2 = -4*u, -5*u = -3*v - 5. What is the remainder when 222/9 - (-4)/(-6) is divided by (9/v)/((-6)/30)?
6
Let l = 38 + -32. Suppose -c = -l*c + 5555. What is the remainder when 25 is divided by c/121 + (-2)/11?
7
Let h = -82 + 120. Let v = h - 8. Calculate the remainder when 117 is divided by v.
27
Let h = 485 - 243. What is the remainder when h is divided by 83?
76
Let k = -10 - -33. Let m = -780 + 846. Calculate the remainder when m is divided by k.
20
Suppose 4*r - 6*r = 0. Let o = 3 - r. What is the remainder when (-3)/(9/5) + (-3584)/(-336) is divided by o?
0
Let t(r) = -r + 1. Let f be t(-1). Suppose 104 = 6*q + 104. Suppose q = 2*y + 5*p - 1, -3*y + f*p + 64 = -3*p. Calculate the remainder when 23 is divided by y.
10
Let q be 3133/39 + 2/(-6). Let v = q - 22. What is the remainder when v is divided by 21?
16
Let l(r) = -r**3 - r**2 + r + 1. Let j(v) = -18*v**2 - 10*v - 25. Let u(q) = j(q) - l(q). Calculate the remainder when u(18) is divided by 26.
22
Suppose -5*g = -g - 72. Let w(q) = -q**2 + 37*q - 182. Calculate the remainder when w(9) is divided by g.
16
Suppose -2*z - 2*z + 112 = 0. Suppose -3*q + z = q. Let k(b) = b**3 - 21*b**2 + 2*b - 23. What is the remainder when k(21) is divided by q?
5
Let m(t) = 176*t**3 - 3*t**2 + 2*t + 2. What is the remainder when m(1) is divided by 61?
55
Let i(a) be the third derivative of -a**4/24 + 10*a**3/3 + 10*a**2. Calculate the remainder when 13 is divided by i(12).
5
Let r = 661 - 491. What is the remainder when r is divided by 23?
9
Suppose z = n - 18, -z - 3 - 2 = 0. Suppose 3*w - n = 2*w. What is the remainder when (-2135)/(-65) - (-2)/w is divided by 9?
6
Suppose m = -5*a - 83, a - 11 = 4*m + 342. Let v = -79 - m. Suppose -6*k + 3*p + 113 = -2*k, -2*k = 4*p - 40. What is the remainder when k is divided by v?
8
Let y = -309 + 395. What is the remainder when y is divided by 7?
2
Let m = 13 + 21. What is the remainder when 392/6 - (37/3 - 11) is divided by m?
30
Let i(t) = t**2 + t + 10. Let n be i(0). Let o = n - 11. Let d(r) = -r**3 - r**2 - r. Calculate the remainder when d(o) is divided by 1.
0
Suppose -3*u - 41 = 43. Suppose -66 = -k - 4. Let b = u + k. What is the remainder when b is divided by 18?
16
Suppose 0 = 2*i, 55*i = -3*u + 59*i + 36. What is the remainder when 22 is divided by u?
10
Let t = -38 - -43. Let s(u) = -2*u + 1. Let k be s(-1). Suppose -54 = -c - t*v, 2*v - 1 = k*v. Calculate the remainder when c is divided by 15.
14
Let o(w) = w**3 + 23*w**2 + 22*w - 155. What is the remainder when o(-15) is divided by 28?
27
Let y = -20 + 47. What is the remainder when y is divided by (-23*(-38)/3059)/((-1)/(-35))?
7
Let c(l) = 26*l + 5 + 4 + 2*l**2 - 3. Let f be c(-13). Suppose -f*k + 364 = k. Calculate the remainder when k is divided by 18.
16
Let w(p) = 3*p**2 - 8*p - 7. Let q be w(5). Let m = q + -17. Calculate the remainder when 86 is divided by m.
9
Let d(s) = s**2 - 8*s - 13. Let r be d(10). Let c be (r/1 - 2)*1. Suppose z = c*z - 104. Calculate the remainder when z is divided by 7.
5
Let z(y) = y**2 + y - 13. Let c be z(8). Suppose 3*k - 158 = i - c, -5*i + 15 = 0. What is the remainder when k is divided by 12?
10
Let o = -10 - -19. Let v(g) = g**2 - 4*g + 5. Let r be v(0). Suppose 71 = 4*x + 3*h, -r*x + 66 = 3*h - 22. Calculate the remainder when x is divided by o.
8
Let j = -773 + 821. What is the remainder when 304 is divided by j?
16
Suppose -7*j + 5*j = 2. Suppose f = -2*z - 0*z - 2, 3*z + 42 = 5*f. Let x = f - j. Calculate the remainder when 25 is divided by x.
4
Let j(z) = -68*z**3 - 3*z**2 - z + 1. What is the remainder when j(-1) is divided by 22?
1
Let n(c) = -31*c - 418. Calculate the remainder when 395 is divided by n(-14).
11
Calculate the remainder when 88/(-440) - (464/(-10))/2 is divided by -2*(-11)/2 + 1.
11
Let z = -835 + 850. Calculate the remainder when 506 is divided by z.
11
Suppose 6*f - 9*f = -18. Let t be 54/15*(-10)/3. Calculate the remainder when (-3)/4 - 285/t is divided by f.
5
Let d(x) = -x**2 + 36*x - 211. Let r(o) = o**2. Let h be r(-2). Suppose 110 = 2*i - 3*s, i - 2*s = h*i - 139. What is the remainder when i is divided by d(8)?
10
Suppose -2*r - 3*r + 40 = 0. Suppose -r*c - 24 = -4*c. Calculate the remainder when (c/15)/((-1)/115) is divided by 12.
10
Suppose -4*s - 7 = -3*p - 21, 4*s = -2*p + 4. Suppose -7 = -2*z - 17, -7 = s*x + 5*z. What is the remainder when 51 is divided by x?
6
What is the remainder when 11/((-55)/(-30))*56/6 is divided by 47?
9
Suppose g + g - 76 = 4*z, -5*z + 2*g = 94. Let d = 42 + z. What is the remainder when 71 is divided by d?
23
Let z(u) = 4 - 5517*u - 16 + 5519*u. Suppose -n + 2*j = -4, -3*j + 6*j - 30 = -3*n. Calculate the remainder when 6 is divided by z(n).
2
Let b(u) = u**2 - 11*u + 2. Let j be b(5). Let z = 48 + j. What is the remainder when 38 is divided by z?
18
Let k(i) = -173*i + 1. Calculate the remainder when k(-1) is divided by 1/(1969/1100 - 2 - 2/(-8)).
24
Suppose -802 = -2*q + z, -4*z - 1229 = -3*q - 9*z. What is the remainder when q is divided by 11?
7
Let x be 3/(-4) - 3345/(-60). Suppose -x = -17*n + 12*n. What is the remainder when n is divided by 4?
3
Let u(w) = w**2 + 6*w - 18. Let s be u(-8). What is the remainder when ((-94)/(-6))/(s/(-6)) is divided by 10?
7
Let r = 7 - 10. Let j be (-1)/(-1*r/213). Let c = j - -125. What is the remainder when c is divided by 19?
16
Suppose -534 = 5*x - 969. Calculate the remainder when x is divided by 9.
6
Let p = 84 - 85. What is the remainder when p - ((-57)/(-9))/(1/(-3)) is divided by 2/(4/(-10)*-1)?
3
Calculate the remainder when 124*(-1)/(-2) + 3 is divided by 26.
13
Let p = 265 + -496. Let v = -113 - p. Calculate the remainder when v is divided by 40.
38
Suppose -m + 5*r = -30, 0 = 4*m - r - 2*r - 52. Calculate the remainder when 28 is divided by m.
8
What is the remainder when 323 is divided by (15 + 6)*8/28?
5
Suppose 0 = -3*i - o + 21, -6*i + 35 = -i - 4*o. Suppose -3*j + 75 = 2*t + 18, 5*t = -3*j + 66. What is the re